{"id":1027,"date":"2019-06-12T15:11:53","date_gmt":"2019-06-12T20:11:53","guid":{"rendered":"http:\/\/revistafanatikos.com\/portal\/?page_id=1027"},"modified":"2019-06-18T15:06:48","modified_gmt":"2019-06-18T20:06:48","slug":"diccionario","status":"publish","type":"page","link":"https:\/\/revistafanatikos.com\/portal\/diccionario\/","title":{"rendered":"Diccionario"},"content":{"rendered":"<p>Fanatiko, te presentamos en este diccionario algunos de los t\u00e9rminos m\u00e1s utilizados en la jerga de las apuestas deportivas. Si te quieres convertir en un verdadero fanatiko apostador debes conocer la terminolog\u00eda si te quieres mover con soltura en este apasionante mundo de las apuestas deportivas.<\/p>\n<h1 style=\"text-align: center;\"><strong><span style=\"color: #ff0000;\">A<\/span><\/strong><\/h1>\n<p><em><strong>Apuesta:\u00a0<\/strong><\/em>Es la \u201cacci\u00f3n y efecto de apostar\u201d, y apostar lo define en su primera acepci\u00f3n de esta manera: \u201cDicho de una persona: pactar con otra u otras que aquel que se equivoque o no tenga raz\u00f3n, perder\u00e1 la cantidad de dinero que se determine o cualquier otra cosa\u201d, y en la segunda: \u201cArriesgar cierta cantidad de dinero en la creencia de que algo, como un juego, una contienda deportiva, etc., tendr\u00e1 tal o cual resultado; cantidad que en caso de acierto se recupera aumentada a expensas de las que han perdido quienes no acertaron\u201d. RAE dixit.<\/p>\n<p><em><strong>Apuesta combinada (acumulador, parlay o parley, accumulator):\u00a0<\/strong><\/em>Es una apuesta con varios pron\u00f3sticos a varios eventos. Para ganar la apuesta hay que acertar todos los resultados. Los beneficios depender\u00e1n de la combinaci\u00f3n de las cuotas.<\/p>\n<p>A las combinadas se las conoce popularmente como combis. Algunas casas las denominan acumuladores, de la traducci\u00f3n directa del ingl\u00e9s accumulator. Sin embargo, el t\u00e9rmino m\u00e1s extendido en los pa\u00edses de habla anglosajona es parlay, como se las denomina habitualmente en EEUU, o parley, como se suele escribir en Am\u00e9rica Latina.<\/p>\n<p>Puedes combinar apuestas de beisbol, apuestas de baloncesto, apuestas deportivas de f\u00fatbol, f\u00fatbol americano, entre otros.<\/p>\n<p><em><strong>Apuestas en directo (live):\u00a0<\/strong><\/em>Son aquellas que se abren o cierran mientras el acontecimiento sobre el cual apostamos se encuentra entre el inicio y su desenlace. Para el caso de las apuestas deportivas, se trata de hacerlo durante el desarrollo del partido.<\/p>\n<p>Como todo lo que tiene que ver hoy en d\u00eda con el marketing, las casas comercializan este tipo de producto con su t\u00e9rmino ingl\u00e9s live y se usa frecuentemente en las redes sociales por su concisi\u00f3n.<\/p>\n<p><em><strong>Across de board:<\/strong><\/em> M\u00e9todo de apuestas utilizado en carreras h\u00edpicas. Se gana si el caballo termina en el primero, segundo o tercer lugar.<\/p>\n<p><em><strong>Apuesta en contra (Lay):<\/strong><\/em> Se gana cuando el participante seleccionado pierde el evento. Es una apuesta t\u00edpica de las casas de intercambio, estilo Betfair. Cuando un apostante acepta una apuesta en contra, pasa a desempe\u00f1ar el papel de una casa de apuestas. Es lo contrario de apuesta a favor (ing.: back).<\/p>\n<p><em><strong>Apuesta combinada compleja:<\/strong> <\/em>A diferencia de la apuesta combinada cl\u00e1sica, esta apuesta se paga en cuanto se cumple alguno de los pron\u00f3sticos.<\/p>\n<p><em><strong>Apuesta a largo plazo (Longterm bet o Outright):<\/strong><\/em> Apuesta sobre un acontecimiento deportivo a largo plazo. Por ejemplo: \u00bfQu\u00e9 equipo ganar\u00e1 la Premier League?.<\/p>\n<p><em><strong>Apuesta segura (Surebet):<\/strong><\/em> Aprovechando que cada casa ofrece cuotas distintas para un mismo evento, se podr\u00e1 en determinadas ocasiones asegurar beneficios apostando, en distintas casas, a todos y cada uno de los posibles resultados. Los beneficios medios de una apuesta segura suelen estar entre el 1% &#8211; 5% de lo apostado.<\/p>\n<p><em><strong>Apuesta de sistema:<\/strong><\/em> Es m\u00e1s sencillo comprenderlo a trav\u00e9s de un ejemplo: una apuesta de sistema est\u00e1 situada en 3\/5. En este sistema se escogen cinco pron\u00f3sticos. Para obtener beneficios, como m\u00ednimo tres pron\u00f3sticos deben ser correctos.<\/p>\n<p><em><strong>Apuesta simple:<\/strong><\/em>\u00a0A un solo pron\u00f3stico para un determinado evento deportivo. Si la apuesta realizada resulta ganadora se ingresar\u00e1 la cantidad apostada m\u00e1s la cuota. En caso de fallar el pron\u00f3stico el dinero pasar\u00e1 a la cuenta de la casa de apuestas. Tambi\u00e9n conocida como apuesta a favor (Back) en casas de apuestas de intercambio.<\/p>\n<h1 style=\"text-align: center;\"><span style=\"color: #ff0000;\"><em><strong>B<\/strong><\/em><\/span><\/h1>\n<p><em><strong>Bad Beat:<\/strong><\/em> Vocablo utilizado para referirse a una p\u00e9rdida importante de dinero en una apuesta.<\/p>\n<p><em><strong>Bankroll:<\/strong><\/em>\u00a0Cantidad total de dinero que destinamos para apostar. Ya sea en una sola casa de apuestas, o repartido en varias.<\/p>\n<p><em><strong>Banker (Lock):<\/strong><\/em> Es una apuesta cuya probabilidad de ganar de un equipo se considera muy alta. En apuestas de sistema, se utiliza como fijo.<\/p>\n<p><em><strong>Beard:<\/strong><\/em> Sobrenombre que es utilizado para designar a la persona que act\u00faa como contacto para realizar apuestas y no mostrar la verdadera identidad del apostador.<\/p>\n<p><em><strong>Bookmaker (Bookie):<\/strong><\/em> Es una empresa que ofrece apuestas deportivas. Casa de apuestas tradicional.<\/p>\n<p><em><strong>Buck:<\/strong><\/em> Nombre con el que se conoce a las apuestas de 100$.<\/p>\n<h1 style=\"text-align: center;\"><span style=\"color: #ff0000;\"><strong>C<\/strong><\/span><\/h1>\n<p><em><strong>Casa de intercambio de apuestas:<\/strong><\/em> Casa de apuestas que se limita a actuar como intermediario entre los apostantes, que son los que definen las cuotas finales. El propio usuario puede hacer de bookie o de apostador tradicional. El beneficio de estas casas se obtiene de las comisiones obtenidas de las ganancias de cada apostador. Generalmente oscilantes entre un 2%-5%. (ing.: betting exchange).<\/p>\n<p><em><strong>Comparador de cuotas:<\/strong><\/em> Tabla que recoge el valor de las cuotas que ofrecen las distintas casas de apuestas para un mismo evento. Permite al apostante comprobar qu\u00e9 casa le ofrecer\u00eda mayores beneficios en caso de ganar su apuesta.<\/p>\n<p><em><strong>Colocado (Place):<\/strong><\/em> Apuesta que resulta ganadora si el equipo o participante seleccionado se clasifica entre las tres primeras plazas de la prueba. Algunas casas lo ampl\u00edan hasta la cuarta o incluso la quinta plaza.<\/p>\n<p><em><strong>Cuota:<\/strong><\/em> La cuota es la ganancias potenciales en una apuesta. Hay varios tipos de cuotas:<\/p>\n<p><em><strong>Cuota europea:<\/strong><\/em> Cuota en forma de n\u00famero entero o decimal (ej: 1,5 o 3).<\/p>\n<p><em><strong>Cuota inglesa:<\/strong><\/em> Cuota en forma de fracci\u00f3n (ej: 1\/2 o 2\/1).<\/p>\n<p><em><strong>Cuota americana:<\/strong><\/em> Cuota en forma de n\u00famero positivo o negativo (ej: -200 o 200).<\/p>\n<p><em><strong>Chalk:<\/strong><\/em> Un favorito.<\/p>\n<p><em><strong>Chalk player:<\/strong><\/em> Persona que normalmente juega a los equipos favoritos.<\/p>\n<h1 style=\"text-align: center;\"><strong><span style=\"color: #ff0000;\">D<\/span><\/strong><\/h1>\n<p><em><strong>Dep\u00f3sito:<\/strong><\/em> Dinero que el apostante ingresa en su cuenta en la casa de apuestas.<\/p>\n<p><em><strong>Dime:<\/strong><\/em> Denominaci\u00f3n utiliza en los mercados de apuestas anglosajones para referirse a las apuestas de 1000 d\u00f3lares.<\/p>\n<p><em><strong>Doble oportunidad:<\/strong><\/em> Apuesta con dos pron\u00f3sticos para el mismo evento deportivo. Ejemplo: En un partido de f\u00fatbol, apostar por la victoria y el empate al mismo tiempo.<\/p>\n<p><em><strong>Doble resultado (Halftime\/Fulltime):<\/strong><\/em> Apuesta al resultado de un partido al final de la primera parte y al final del partido.<\/p>\n<p><em><strong>Dog:<\/strong><\/em> T\u00e9rmino utilizado para denominar al \u00abno favorito\u00bb.<\/p>\n<p><em><strong>Draw:<\/strong><\/em> Empate (ing.:tie)<\/p>\n<h1 style=\"text-align: center;\"><strong><span style=\"color: #ff0000;\">E<\/span><\/strong><\/h1>\n<p><em><strong>Evens:<\/strong> <\/em>Apuesta en la que la ganancia neta es igual al importe apostado. Equivale a una cuota 2,00 en el sistema decimal y a una cuota 1\/1 en el fraccionario.<\/p>\n<p><em><strong>Exacta:<\/strong><\/em> Modalidad de apuesta utilizada en las carreras de caballos consistente en seleccionar el orden de llegada de los dos primeros caballos.<\/p>\n<h1 style=\"text-align: center;\"><strong><span style=\"color: #ff0000;\">F<\/span><\/strong><\/h1>\n<p><em><strong>Favorito (Favourite):<\/strong><\/em> Participante que posee un % m\u00e1s alto de probabilidades de ganar en un acontecimiento deportivo. Las casas de apuestas ofrecen cuotas bajas a los claros favoritos .<\/p>\n<p><em><strong>Fin:<\/strong><\/em> Se conoce como FIN a la apuesta cuya cuant\u00eda es de 50 d\u00f3lares.<\/p>\n<p><em><strong>First-half betting<\/strong><\/em>: Apuestas que tienen en cuenta el resultado del primer tiempo solamente.<\/p>\n<p><em><strong>Fold<\/strong><\/em>: N\u00famero de selecciones en una apuesta combinada. Por ejemplo, 4-fould es una combinada que incluye cuatro eventos .<\/p>\n<h1 style=\"text-align: center;\"><strong><span style=\"color: #ff0000;\">G<\/span><\/strong><\/h1>\n<p><em><strong>Golliat<\/strong><\/em>: Tipo de Apuesta de Sistema.<\/p>\n<h1 style=\"text-align: center;\"><span style=\"color: #ff0000;\">H<\/span><\/h1>\n<p><em><strong>Handicap<\/strong><\/em>: Sistema mediante el cual se aventaja o desventaja (a\u00f1adiendo goles o puntos a uno de los participantes) con la intenci\u00f3n de equilibrar un enfrentamiento. Al equipo favorito se le concede una desventaja de goles y al \u00abunderdog\u00bb una ventaja. Por ejemplo, el resultado de una apuesta \u00abBarcelona (-2)\u00bb se obtiene de restar una unidad a los goles conseguidos por el Barcelona. El resultado de una apuesta Real Madrid (+1) se obtiene sumando una unidad a los goles conseguidos por el Real Madrid.<\/p>\n<p><em><strong>H\u00e1ndicap asi\u00e1tico:<\/strong> <\/em>Tipo de h\u00e1ndicap en el que se elige una ventaja de goles semi entera para evitar que la apuesta acabe en empate. Por ejemplo, el resultado de una apuesta \u00abBarcelona ()\u00bb se obtiene de restar 2 unidades a los goles conseguidos por el Barsa. El resultado de una apuesta Deportivo (+1,5) se obtiene sumando 1,5 unidades a los goles conseguidos por el equipo gallego. Versiones m\u00e1s complejas de este sistema a\u00f1ade \u00abcuartos de gol\u00bb. Ejemplo: Real Madrid (-1,25), Valencia (+1,75).<\/p>\n<p><strong><em>Handicapper:<\/em><\/strong> Persona que estudia, cataloga y apuesta en eventos deportivos y \/ o carreras de caballos.<\/p>\n<p><em><strong>Head to Head (H2H):<\/strong> <\/em>Gana la apuesta si acierta el mejor deportista entre dos participantes. Estas apuestas existen en disciplinas deportivas como F\u00f3rmula Uno, tenis, vadminton o esqu\u00ed alpino.<\/p>\n<p><em><strong>Hedging:<\/strong><\/em> Estrategia consistente en apostar por los dos equipos que participan en un evento deportivo con la \u00fanica finalidad de prevenir p\u00e9rdidas o garantizar un nivel m\u00ednimo de ganancias.<\/p>\n<h1 style=\"text-align: center;\"><span style=\"color: #ff0000;\"><strong>I<\/strong><\/span><\/h1>\n<p><em><strong>IBAS:<\/strong><\/em> (Independent Arbitration Betting Service). Organismo independiente encargado de la resoluci\u00f3n de posibles disputas entre las casas de apuestas y sus clientes: www.ibas-uk.com\/<\/p>\n<p><em><strong>Intercambio de apuestas:<\/strong><\/em> Ver Casa de Intercambio de apuestas.<\/p>\n<h1 style=\"text-align: center;\"><span style=\"color: #ff0000;\"><strong>J<\/strong><\/span><\/h1>\n<p><strong><em>Juice:<\/em><\/strong> Es la comisi\u00f3n que le pertenece al corredor \/ Casa de apuestas.<\/p>\n<p><em><strong>Joint Favourites<\/strong><\/em>: Expresi\u00f3n utilizada cuando existen dos o m\u00e1s participantes considerados como favoritos en una misma carrera, competici\u00f3n o encuentro. Estos participantes se caracterizan por presentar las cuotas m\u00e1s bajas y reciben el nombre de co-favoritos. Si el usuario desea realizar una apuesta, el importe de su apuesta se dividir\u00e1 equitativamente entre los participante favoritos que existan, esto es, si existen dos favoritos, el importe apostado por el usuario se dividir\u00e1 al 50 por ciento, y si existen cuatro, se dividir\u00e1 al 25 por ciento. Esta situaci\u00f3n suele darse sobre todo en las carreras de caballos y de galgos.<\/p>\n<h1 style=\"text-align: center;\"><span style=\"color: #ff0000;\">L<\/span><\/h1>\n<p><em><strong>Lay<\/strong><\/em>: Venta de una apuesta en una casa de intercambio de apuestas<\/p>\n<p><em><strong>Layoff (reducir riesgo)<\/strong><\/em> : Apuesta realizada por cualquier casa en una casa de la competicia, con objeto de equilibrar el exceso de dinero que sus clientes han apostado a favor de un resultado determinado.<\/p>\n<p><em><strong>Limit (l\u00edmite)<\/strong><\/em>: Apuesta m\u00e1xima aceptada por una casa de apuestas<\/p>\n<p><strong>Livescore<\/strong>: Resultados en directo.<\/p>\n<p><em><strong>Lucky 15:<\/strong> <\/em>Apuesta de sistema. Comprende un total de 15 apuestas combinando cuatro eventos deportivos distintos. Esas 15 apuestas est\u00e1n formadas por 1 apuesta simple, 6 apuestas dobles, 4 apuestas triples y 1 apuesta cu\u00e1druple. Para ganar la apuesta es necesario que el usuario acierte, como m\u00ednimo, un pron\u00f3stico.<\/p>\n<p><em><strong>Lucky 31:<\/strong><\/em> Apuesta de sistema formada por 31 apuestas que resultan de combinar cinco encuentros deportivos distintos. Las 31 apuestas contienen 1 apuesta simple, 10 apuestas dobles, 10 apuestas triples, 5 apuestas cu\u00e1druples y 1 apuesta qu\u00edntuple, siendo necesario para obtener un beneficio, acertar al menos un pron\u00f3stico.<\/p>\n<p><em><strong>Lucky 63:<\/strong><\/em> Apuesta de sistema compuesta por 63 apuestas que combinar\u00e1n seis acontecimientos deportivos diferentes. Esas 63 apuestas comprenden 1 apuesta sencilla, 15 apuestas dobles, 20 apuestas triples, 15 apuestas cu\u00e1druples, 6 apuestas qu\u00edntuples y 1 apuesta s\u00e9xtuple. Para obtener alg\u00fan benefecio deber\u00e1 contar al menos con un pron\u00f3stico acertado.<\/p>\n<h1 style=\"text-align: center;\"><span style=\"color: #ff0000;\">M<\/span><\/h1>\n<p><em><strong>Margen de Beneficio de los Bookies:<\/strong><\/em> Las casas de apuestas tradicionales (no las de intercambio) obtienen su margen de beneficios al ofrecer un premio inferior al de la probabilidad de ganar. El margen de beneficios de las casas de apuestas fluct\u00faa entre el 9% y el 15%.. El c\u00e1lculo se puede obtener de la siguiente manera:<\/p>\n<p>Manchester United cuota 2,85<\/p>\n<p>Empate, cuota 3,10<\/p>\n<p>Liverpool , cuota 2,20<\/p>\n<p>Margen de beneficios = 1\/cuota[1] + 1\/cuota[X] + 1\/cuota[2]<\/p>\n<p>MB = 1\/2,85 + 1\/3,10 + 1\/2,20 = 1,128<\/p>\n<p>Por cada 1 euro que se paga en premios, la casa de apuestas ingresa en promedio 1,128 euros (MB = 12,8%). De manera inversa, por cada 1 euro apostado, la casa de apuestas paga una media de 0,8865 euros en premios (la fracci\u00f3n de pago es de 88,65%).<\/p>\n<p><em><strong>Muestra de picks<\/strong><\/em>: N\u00famero de pron\u00f3sticos realizados hasta la fecha por un pronosticador.<\/p>\n<p><em><strong>M\u00faltiple<\/strong><\/em>: Ver apuesta combinada.<\/p>\n<h1 style=\"text-align: center;\"><span style=\"color: #ff0000;\">N<\/span><\/h1>\n<p><em><strong>Nap<\/strong><\/em>: La mejor apuesta del d\u00eda a criterio de un experto.<\/p>\n<h1 style=\"text-align: center;\"><span style=\"color: #ff0000;\">O<\/span><\/h1>\n<p><em><strong>Odds:<\/strong><\/em> T\u00e9rmino anglosaj\u00f3n utilizado para denomicar las cuotas de una casa de apuestas.<\/p>\n<p><em><strong>Oddsmaker<\/strong><\/em>: Persona que trabaja para una casa de apuestas determinando las cuotas (oddslayer, oddscompiler&#8230;).<\/p>\n<p><em><strong>Off Shore<\/strong><\/em>: Se denomina como casa de apuestas offshore a aquella casa localizada fuera del territorio de los Estados Unidos.<\/p>\n<p><em><strong>Off the board:<\/strong><\/em> Indica que la casa de apuestas no acepta m\u00e1s apuestas ( P.e. porque ya ha comenzado el evento deportivo sobre el que intentamos apostar).<\/p>\n<p><em><strong>Outsider<\/strong><\/em>: Nombre con el que es conocido el equipo o jugador no favorito dentro de una competici\u00f3n, torneo, encuentro, etc. (tambi\u00e9n se utiliza el t\u00e9rmino \u201cUnderdog\u201d). Equipos y jugadores considerados como Outsiders disponen de cuotas de mayor valor en comparaci\u00f3n con los equipos y jugadores favoritos.<\/p>\n<p><em><strong>Overlay<\/strong> <\/em>: Existe un Overlay cuando el valor de una cuota est\u00e1 m\u00e1s a favor del apostante que de la casa de apuestas.<\/p>\n<p><strong>Over \/ Under (M\u00e1s de \/ Menos de)<\/strong>: En las apuestas Over\/Under se busca hacer un pron\u00f3stico a que el n\u00famero total ya sea, goles, puntos, juegos, etc. de un partido supera (over) o no supera (Under) la propuesta de la casa de apuestas. Si las cuotas Over\/Under 2.5 goles en el partido Millonarios &#8211; Santa Fe son 2.30 para el Over y 1.45 para el Under, y apostamos al Over, Se gan la apuesta si en el partido se producen 3 o m\u00e1s goles, y la perderemos si en el partido hay dos o menos goles.<\/p>\n<h1 style=\"text-align: center;\"><span style=\"color: #ff0000;\">P<\/span><\/h1>\n<p><em><strong>Patent ( 7 Apuestas )<\/strong><\/em>: Apuesta de Sistema. En un sistema patent se realizan 3 pron\u00f3sticos de los cuales se forman: una apuesta simple por pron\u00f3stico, 3 apuestas combinadas de dos y una apuesta combinada de tres. Para obtener una ganancia se deber\u00e1 contar al menos con 1 pron\u00f3stico correcto. El importe exacto de la ganancia depende del n\u00famero de pron\u00f3sticos correctos.<\/p>\n<p><em><strong>Parlay<\/strong><\/em>: Un \u00abparlay\u00bb es una sola apuesta que une de 2 a 8 apuestas individuales. Puede componerse de una serie de apuestas en equipos o totales, o una mezcla de las dos. Para que sea una apuesta ganadora, cada apuesta individual que la compone debe ganar tambi\u00e9n. Si alguna de las apuestas que componen el \u00abparlay\u00bb pierde, entonces el \u00abparlay\u00bb completo pierde tambi\u00e9n. Sin embargo, si alguna de las apuestas que compone el \u00abparlay\u00bb es un empate o \u00abpush\u00bb, la apuesta se mantiene con las restantes apuestas. Un \u00abparlay\u00bb de dos equipos se convertir\u00eda en un \u00abparlay\u00bb de tres equipos, un \u00abparlay\u00bb de dos equipos se convertir\u00eda en una apuesta directa, con sus correspondientes reducciones en el pago. Los pagos en los \u00abparlays\u00bb son bastante m\u00e1s significativos que las apuestas individuales.<\/p>\n<p><em><strong>Past post:<\/strong><\/em> Realizar una apuesta en un acontecimiento deportivo que ya ha comenzado.<\/p>\n<p><em><strong>Penalty:<\/strong><\/em> Tipo de apuesta sencilla consistente en determinar si habr\u00e1 lanzamientos de penaltis durante el transcurso del encuentro deportivo.<\/p>\n<p><em><strong>Permutaci\u00f3n<\/strong><\/em>: Jugada que permite realizar m\u00e1s de una apuesta en una \u00fanica operaci\u00f3n utilizando para ello previsiones dobles para los distintos acontecimientos deportivos. El n\u00famero total de apuestas resultar\u00e1 de multiplicar las previsiones dobles presentes en la selecci\u00f3n.<\/p>\n<p><em><strong>Picks (Pron\u00f3stico):<\/strong><\/em> Tambi\u00e9n llamados tips. Apuesta recomendada por un experto. El tipster dar\u00e1 su pron\u00f3stico bas\u00e1ndose en factores tales como estad\u00edsticas, clasificaciones, bajas, sanciones, hist\u00f3ricos, etc. Se suele expresar en el siguiente orden: Participante por el que se apuesta, el valor de la cuota, la casa de apuestas donde se realiza y el stake.<\/p>\n<p><em><strong>Place<\/strong><\/em>: Apuesta que resulta ganadora si el equipo o participante seleccionado se clasifica entre las tres primeras plazas de la prueba. Algunas casas lo ampl\u00edan hasta la cuarta o incluso la quinta plaza<\/p>\n<p><em><strong>Press<\/strong><\/em>: Concepto utilizado para indicar que un usuario ha realizado una apuesta por una cantidad superior a la habitual.<\/p>\n<p><em><strong>Primer tiempo<\/strong><\/em>: Apuesta al resultado del partido al final de la primera parte.<\/p>\n<p><em><strong>Pr\u00f3ximo gol:<\/strong><\/em> Apuesta al equipo que mete el pr\u00f3ximo gol.<\/p>\n<p><em><strong>Public:<\/strong><\/em> Se utiliza para definir al usuario medio, poco experimentado, as\u00ed como para referirse al dinero apostado por este tipo de usuarios. A esta clase de usuarios tambi\u00e9n se les suele denominar turistas.<\/p>\n<p><em><strong>Push:<\/strong><\/em> Se da cuando el encuentro de la apuesta finaliza en empate y esta opci\u00f3n no est\u00e1 contemplada. En estos casos, la casa de apuestas procede a la devoluci\u00f3n \u00edntegra de las apuestas.<\/p>\n<h1 style=\"text-align: center;\"><span style=\"color: #ff0000;\">R<\/span><\/h1>\n<p><em><strong>Rating<\/strong><\/em>: Clasificaci\u00f3n. En apuesta10 llamamos \u00abrating\u00bb a la medida con la que efectuamos los rankings. As\u00ed, la f\u00f3rmula para calcular el ranking ser\u00eda la siguiente:<\/p>\n<p>Rating = (N\u00ba tips x yield) \/ 100<\/p>\n<p><em><strong>ROI:<\/strong><\/em> Retorno de la inversi\u00f3n. M\u00e9todo para calcular beneficios. En el mundo de las apuestas es lo mismo que el yield.<\/p>\n<p>% Yield = ROI = (Beneficio \/ Total apostado) x 100<\/p>\n<h1 style=\"text-align: center;\"><span style=\"color: #ff0000;\">S<\/span><\/h1>\n<p><em><strong>Sharp<\/strong><\/em>: Jugador profesional<\/p>\n<p><em><strong>Spread betting:<\/strong><\/em> Apuesta donde los beneficios no son fijos.<\/p>\n<p><em><strong>SPRO:<\/strong><\/em> Semi-profesional.<\/p>\n<p><em><strong>Stake<\/strong><\/em>: Literalmente el stake es la cantidad de dinero que apostamos en un pick. Tambi\u00e9n se puede utilizar el stake como un sistema de apuestas, en ese caso el stake es el grado de confianza que tenemos sobre un pick. El stake de una apuesta va desde 0.5 a 10, siendo 10 el m\u00e1ximo aplicable a una apuesta (Un stake 10 puede suponer el 10% de la banca si eres un tipster agresivo, o un 5% si eres m\u00e1s conservador).<\/p>\n<p><em><strong>Stake Lineal:<\/strong><\/em> Asignamos un porcentaje de nuestro full stake a cada stake asign\u00e1ndole un valor monetario que corresponda al nivel de confianza.<\/p>\n<p><em><strong>Strike rate<\/strong><\/em>: Apuestas realizadas \/ Apuestas acertadas.<\/p>\n<h1 style=\"text-align: center;\"><span style=\"color: #ff0000;\">T<\/span><\/h1>\n<p><em><strong>Tic-tac:<\/strong><\/em> Lenguaje gestual para expresar odds (cuotas).<\/p>\n<p><em><strong>Tips:<\/strong><\/em> Sinonimo de picks.<\/p>\n<p><em><strong>Tipster<\/strong><\/em>: Persona que pone picks (recomendaciones de apuestas).<\/p>\n<p><em><strong>Trading<\/strong><\/em>: Consiste en aprovecharse de las tendencias del mercado para especular con las cuotas.<\/p>\n<p><em><strong>Trading Live:<\/strong><\/em> Es especular con las cuotas en un evento \u201clive\u201d con el fin de asegurar ganancias o minimizar p\u00e9rdidas.<\/p>\n<h1 style=\"text-align: center;\"><span style=\"color: #ff0000;\">U<\/span><\/h1>\n<p><em><strong>Unidad de stake de un apostante<\/strong><\/em>: Cantidad resultante de dividir la banca de un apostante entre 200 (modelo conservador) o 100 (modelo agresivo).<\/p>\n<h1 style=\"text-align: center;\"><span style=\"color: #ff0000;\">V<\/span><\/h1>\n<p><em><strong>Value bet:<\/strong><\/em> Apuesta con valor. Tiene una esperanza matem\u00e1tica positiva.<\/p>\n<p><em><strong>Value+:<\/strong> <\/em>Una apuesta con value+ es una apuesta cuya probabilidad de acierto es subestimada por la casa de apuestas.<\/p>\n<h1 style=\"text-align: center;\"><span style=\"color: #ff0000;\">W<\/span><\/h1>\n<p><em><strong>Wise guy:<\/strong> <\/em>Hombre con informaci\u00f3n.<\/p>\n<h1 style=\"text-align: center;\"><span style=\"color: #ff0000;\">Y<\/span><\/h1>\n<p><em><strong>Yield:<\/strong><\/em> En el mundo de las apuestas tambi\u00e9n conocido como ROI (Retorno de la inversi\u00f3n). Es una medida de rendimiento, de hecho, esa es su traducci\u00f3n literal. Sirve para medir la expectativa de una apuesta promedio de un jugador.<\/p>\n<p>% Yield = (Beneficio \/ Total apostado) x 100<\/p>\n<p>% Yield de un pronosticador = (Beneficio en unidades \/ Total unidades apostadas) x 100<\/p>\n","protected":false},"excerpt":{"rendered":"<p>Fanatiko, te presentamos en este diccionario algunos de los t\u00e9rminos m\u00e1s utilizados en la jerga de las apuestas deportivas. Si te quieres convertir en un verdadero fanatiko apostador debes conocer la terminolog\u00eda si te quieres mover con soltura en este apasionante mundo de las apuestas deportivas. A Apuesta:\u00a0Es la \u201cacci\u00f3n y efecto de apostar\u201d, y [&hellip;]<\/p>\n","protected":false},"author":1,"featured_media":0,"parent":0,"menu_order":0,"comment_status":"closed","ping_status":"closed","template":"","meta":{"jetpack_post_was_ever_published":false,"_FSMCFIC_featured_image_caption":"","_FSMCFIC_featured_image_nocaption":"","_FSMCFIC_featured_image_hide":"","footnotes":""},"class_list":["post-1027","page","type-page","status-publish","hentry"],"jetpack_sharing_enabled":true,"jetpack_shortlink":"https:\/\/wp.me\/P9J6gF-gz","jetpack_likes_enabled":false,"_links":{"self":[{"href":"https:\/\/revistafanatikos.com\/portal\/wp-json\/wp\/v2\/pages\/1027","targetHints":{"allow":["GET"]}}],"collection":[{"href":"https:\/\/revistafanatikos.com\/portal\/wp-json\/wp\/v2\/pages"}],"about":[{"href":"https:\/\/revistafanatikos.com\/portal\/wp-json\/wp\/v2\/types\/page"}],"author":[{"embeddable":true,"href":"https:\/\/revistafanatikos.com\/portal\/wp-json\/wp\/v2\/users\/1"}],"replies":[{"embeddable":true,"href":"https:\/\/revistafanatikos.com\/portal\/wp-json\/wp\/v2\/comments?post=1027"}],"version-history":[{"count":7,"href":"https:\/\/revistafanatikos.com\/portal\/wp-json\/wp\/v2\/pages\/1027\/revisions"}],"predecessor-version":[{"id":1049,"href":"https:\/\/revistafanatikos.com\/portal\/wp-json\/wp\/v2\/pages\/1027\/revisions\/1049"}],"wp:attachment":[{"href":"https:\/\/revistafanatikos.com\/portal\/wp-json\/wp\/v2\/media?parent=1027"}],"curies":[{"name":"wp","href":"https:\/\/api.w.org\/{rel}","templated":true}]}}